is the remainder when 122 is divided by 85?
37
What is the remainder when 211 is divided by 13?
3
Calculate the remainder when 694 is divided by 75.
19
Calculate the remainder when 582 is divided by 45.
42
What is the remainder when 293 is divided by 37?
34
What is the remainder when 621 is divided by 86?
19
What is the remainder when 1494 is divided by 17?
15
Calculate the remainder when 61 is divided by 22.
17
What is the remainder when 471 is divided by 55?
31
Calculate the remainder when 51262 is divided by 64.
62
Calculate the remainder when 323 is divided by 53.
5
Calculate the remainder when 1503 is divided by 58.
53
What is the remainder when 64 is divided by 24?
16
Calculate the remainder when 3389 is divided by 10.
9
Calculate the remainder when 552 is divided by 72.
48
What is the remainder when 6047 is divided by 27?
26
What is the remainder when 1556 is divided by 52?
48
Calculate the remainder when 18039 is divided by 55.
54
What is the remainder when 153 is divided by 20?
13
What is the remainder when 11607 is divided by 90?
87
Calculate the remainder when 116 is divided by 59.
57
What is the remainder when 78 is divided by 41?
37
Calculate the remainder when 3595 is divided by 31.
30
Calculate the remainder when 4578 is divided by 229.
227
Calculate the remainder when 70 is divided by 25.
20
What is the remainder when 780 is divided by 134?
110
Calculate the remainder when 132 is divided by 20.
12
Calculate the remainder when 150 is divided by 7.
3
Calculate the remainder when 405 is divided by 211.
194
What is the remainder when 851 is divided by 35?
11
Calculate the remainder when 50 is divided by 10.
0
Calculate the remainder when 240 is divided by 123.
117
Calculate the remainder when 1073 is divided by 258.
41
What is the remainder when 2854 is divided by 28?
26
Calculate the remainder when 52 is divided by 20.
12
What is the remainder when 69 is divided by 14?
13
What is the remainder when 190 is divided by 12?
10
What is the remainder when 203 is divided by 35?
28
What is the remainder when 85 is divided by 43?
42
Calculate the remainder when 1678 is divided by 105.
103
What is the remainder when 2050 is divided by 171?
169
Calculate the remainder when 185 is divided by 5.
0
What is the remainder when 74 is divided by 30?
14
Calculate the remainder when 829 is divided by 7.
3
What is the remainder when 2719 is divided by 85?
84
Calculate the remainder when 393 is divided by 78.
3
Calculate the remainder when 108 is divided by 27.
0
What is the remainder when 1079 is divided by 72?
71
Calculate the remainder when 959 is divided by 163.
144
What is the remainder when 129 is divided by 13?
12
Calculate the remainder when 515 is divided by 167.
14
What is the remainder when 1548 is divided by 2?
0
What is the remainder when 2603 is divided by 42?
41
What is the remainder when 1998 is divided by 80?
78
Calculate the remainder when 2586 is divided by 72.
66
What is the remainder when 1806 is divided by 40?
6
What is the remainder when 2779 is divided by 96?
91
Calculate the remainder when 98 is divided by 31.
5
Calculate the remainder when 69 is divided by 61.
8
Calculate the remainder when 930 is divided by 354.
222
Calculate the remainder when 480 is divided by 144.
48
Calculate the remainder when 127 is divided by 12.
7
Calculate the remainder when 791 is divided by 48.
23
What is the remainder when 31751 is divided by 147?
146
Calculate the remainder when 2064 is divided by 39.
36
Calculate the remainder when 664 is divided by 606.
58
Calculate the remainder when 87 is divided by 30.
27
Calculate the remainder when 144 is divided by 30.
24
What is the remainder when 175 is divided by 62?
51
What is the remainder when 1088 is divided by 78?
74
What is the remainder when 51 is divided by 15?
6
Calculate the remainder when 1230 is divided by 56.
54
What is the remainder when 104 is divided by 16?
8
What is the remainder when 303 is divided by 34?
31
What is the remainder when 2217 is divided by 6?
3
Calculate the remainder when 150 is divided by 22.
18
Calculate the remainder when 166 is divided by 14.
12
What is the remainder when 413 is divided by 133?
14
Calculate the remainder when 5031 is divided by 77.
26
What is the remainder when 1048 is divided by 24?
16
Calculate the remainder when 180 is divided by 37.
32
Calculate the remainder when 6102 is divided by 218.
216
Calculate the remainder when 1220 is divided by 6.
2
Calculate the remainder when 100 is divided by 16.
4
Calculate the remainder when 1223 is divided by 29.
5
Calculate the remainder when 1028 is divided by 12.
8
What is the remainder when 263 is divided by 98?
67
Calculate the remainder when 12724 is divided by 21.
19
Calculate the remainder when 912 is divided by 231.
219
Calculate the remainder when 4679 is divided by 24.
23
What is the remainder when 61 is divided by 16?
13
Calculate the remainder when 314 is divided by 63.
62
What is the remainder when 1308 is divided by 69?
66
What is the remainder when 2289 is divided by 755?
24
Calculate the remainder when 8506 is divided by 115.
111
Calculate the remainder when 148 is divided by 71.
6
Calculate the remainder when 69 is divided by 19.
12
What is the remainder when 5149 is divided by 58?
45
Calculate the remainder when 296 is divided by 99.
98
What is the remainder when 475 is divided by 28?
27
Calculate the remainder when 3182 is divided by 59.
55
What is the remainder when 17 is divided by 10?
7
What is the remainder when 325 is divided by 15?
10
Calculate the remainder when 1133 is divided by 188.
5
Calculate the remainder when 350 is divided by 69.
5
Calculate the remainder when 309 is divided by 26.
23
Calculate the remainder when 112 is divided by 30.
22
Calculate the remainder when 9359 is divided by 8.
7
Calculate the remainder when 407 is divided by 68.
67
Calculate the remainder when 346 is divided by 120.
106
Calculate the remainder when 45 is divided by 11.
1
What is the remainder when 3865 is divided by 1927?
11
Calculate the remainder when 1253 is divided by 183.
155
What is the remainder when 3897 is divided by 75?
72
Calculate the remainder when 478 is divided by 31.
13
Calculate the remainder when 33612 is divided by 15.
12
Calculate the remainder when 1315 is divided by 32.
3
What is the remainder when 533 is divided by 68?
57
What is the remainder when 9860 is divided by 3281?
17
Calculate the remainder when 354 is divided by 21.
18
What is the remainder when 612 is divided by 14?
10
What is the remainder when 665 is divided by 23?
21
Calculate the remainder when 194 is divided by 28.
26
Calculate the remainder when 488 is divided by 7.
5
Calculate the remainder when 8742 is divided by 16.
6
Calculate the remainder when 2415 is divided by 242.
237
Calculate the remainder when 27 is divided by 15.
12
What is the remainder when 291 is divided by 151?
140
Calculate the remainder when 1231 is divided by 59.
51
What is the remainder when 199 is divided by 17?
12
What is the remainder when 2744 is divided by 388?
28
Calculate the remainder when 556 is divided by 14.
10
Calculate the remainder when 73 is divided by 13.
8
What is the remainder when 12230 is divided by 81?
80
What is the remainder when 82 is divided by 44?
38
What is the remainder when 362 is divided by 28?
26
What is the remainder when 205 is divided by 69?
67
What is the remainder when 203 is divided by 48?
11
What is the remainder when 97 is divided by 21?
13
What is the remainder when 228 is divided by 59?
51
Calculate the remainder when 1159 is divided by 386.
1
What is the remainder when 1174 is divided by 107?
104
What is the remainder when 2620 is divided by 46?
44
Calculate the remainder when 985 is divided by 45.
40
What is the remainder when 165 is divided by 18?
3
What is the remainder when 984 is divided by 10?
4
Calculate the remainder when 812 is divided by 18.
2
What is the remainder when 477 is divided by 425?
52
Calculate the remainder when 715 is divided by 227.
34
Calculate the remainder when 5475 is divided by 60.
15
What is the remainder when 374 is divided by 372?
2
What is the remainder when 6259 is divided by 694?
13
What is the remainder when 196 is divided by 11?
9
Calculate the remainder whe